))/((-2)/18). Suppose -2*d = -x*d + 26. List the prime factors of d.
2, 13
Let f = -2 + 5. Suppose -f*n + 55 = k, 1 = k - 0. What are the prime factors of n?
2, 3
Let v(q) = -q**3 - q - 2. Let t be v(0). Let o(d) = d**2 - 6*d + 5. Let c be o(6). Let p = c + t. What are the prime factors of p?
3
Suppose -7*f + 2*f = -160. List the prime factors of f/(-1 + 5) + 2.
2, 5
Let n(r) = -2*r + 0 - 1 + 0*r + r**2. Let h be n(3). Suppose -m = -2*i - h*m + 10, -3*m = -2*i + 2. What are the prime factors of i?
2
Suppose -5*n - 3*o = 6, 4*n + 5*o + 6 = 2*o. Suppose v - 17 - 11 = n. What are the prime factors of v?
2, 7
Let g(l) = -l**2 - 3*l + 2. Suppose 0*q = 3*q + 9. Let o be g(q). Suppose 0 = -o*j + 18 - 0. What are the prime factors of j?
3
Suppose -3*r + 4 = -2. List the prime factors of r.
2
Suppose 926 = 11*o - 218. What are the prime factors of o?
2, 13
Let o(u) = u**2 - 1. What are the prime factors of o(-4)?
3, 5
Let l = -72 - -125. List the prime factors of l.
53
Let s(r) = -r**2 + 24*r + 77. List the prime factors of s(24).
7, 11
Let x(c) = -c**3 + 5*c**2 - 5*c + 2. Let h be x(3). Suppose -4*f = -h*t + 219, 5*f - 41 + 3 = -t. What are the prime factors of t?
43
Let b(u) = -4*u**3 - 2*u**2 + u + 1. Let l be b(-2). Suppose 4*r = l + 81. Let p = r - 16. List the prime factors of p.
2, 5
Let d = -115 - -326. What are the prime factors of d?
211
Let s = 0 - 9. Let l(n) = -4*n - 1. List the prime factors of l(s).
5, 7
Suppose 4*w = -3*i + 82, -3*w = 2*i - 0*w - 54. What are the prime factors of i?
2, 3, 5
Suppose 2*u + u - 191 = 5*z, 4*u + 3*z - 216 = 0. Let a = 98 - u. List the prime factors of a.
41
Let h(n) = n**2 - 1. Let p be h(2). Suppose 0 = -5*r + 2*f + 5, -2*r - p*f = -6 + 4. List the prime factors of (-2 - (-16)/2) + r.
7
Suppose -353 = -c - 56. List the prime factors of c.
3, 11
Suppose 0 = 7*u - 15*u + 2080. List the prime factors of u.
2, 5, 13
List the prime factors of (0/2 - -3) + 3.
2, 3
What are the prime factors of 4/(-14) - 195/(-21)?
3
Suppose 3*b - 541 = y - 0*y, 0 = 2*b - y - 361. What are the prime factors of b?
2, 3, 5
Suppose 0 = -5*u + w + 57 + 55, 3*u + 2*w = 62. List the prime factors of u.
2, 11
Let s(w) = w**3 - 3*w**2 - 3*w + 4. Let v be s(5). Suppose -v + 9 = -5*p. What are the prime factors of 3 - p/3 - -17?
2, 3
What are the prime factors of 1 + (-168)/(9/(-3))?
3, 19
Suppose 3*i + 12 = 0, -13 = -3*r - 2*i - 51. Let x = 10 + -5. What are the prime factors of (-2)/x + (-64)/r?
2, 3
Let t = 4 + -1. List the prime factors of t.
3
Let o = 62 + -31. What are the prime factors of o?
31
Let g(c) = 0 + 50*c - c**2 + 14 - 41*c. Let y = 30 - 20. What are the prime factors of g(y)?
2
Let l(f) = -f + 2. Let z be l(5). Let d be -9 + (0/(-5) - 0). Let i = z - d. What are the prime factors of i?
2, 3
Let b(l) be the third derivative of 7*l**5/60 - l**4/12 - l**3/6 + 2*l**2. What are the prime factors of b(-1)?
2
Let x(i) = -i**3 + 4*i**2 + 7*i - 7. Let v be x(5). Suppose 4 = -v*l + l. What are the prime factors of ((-21)/(-3)*l)/(-2)?
7
Let l be 767 - (2 - (-1 - -2)). Let g be l/14 + 6/21. Suppose w + 3*w = -k + 1, 5*w + g = 5*k. List the prime factors of k.
3
Suppose 3*s - 4*s = -11. Suppose -4*y - 1 = s. What are the prime factors of (-26)/y + 2/(-3)?
2
Let i = 5 + -2. Suppose k + i = -3. What are the prime factors of (-8)/(1 - (-9)/k)?
2
Suppose 4*z + 103 = 2*n - 9, -2*n = 2*z - 112. List the prime factors of n.
2, 7
Let b = -48 + 56. List the prime factors of b.
2
Suppose 105 = 2*l + 3*l. Suppose l + 19 = 4*f. Suppose 3*q - f = q. What are the prime factors of q?
5
Let k = -85 - -119. What are the prime factors of k?
2, 17
Let s(h) = -21*h - 56. What are the prime factors of s(-9)?
7, 19
Let k be (0 + 1)*(4 - -18). Let l = 34 - k. List the prime factors of l.
2, 3
Suppose 0 = -3*x, 5*g = 4*g + x + 41. What are the prime factors of g?
41
Let s = -5 - -6. Let x(k) = 8*k**3 + k**2 - 2*k + 1. What are the prime factors of x(s)?
2
Suppose 0 = 4*l - 0 + 12, 3*l + 397 = 4*q. What are the prime factors of q?
97
Let v = 21 - 10. What are the prime factors of v?
11
Let q = 0 - 0. Suppose -4 = -o - q. Let g = 0 + o. What are the prime factors of g?
2
Suppose 11*i - 148 = 9*i. What are the prime factors of i?
2, 37
Let n(s) = -s**2 + 5*s - 6. Let p be n(4). Let x(d) = 3*d**3 + 2*d**2 - d - 1. Let z be x(p). List the prime factors of 1/3 + (-175)/z.
2, 3
Let y(j) = 2*j**2 - 5*j + 38. What are the prime factors of y(-8)?
2, 103
List the prime factors of 2403/36 + 1/4.
67
Suppose 0 = 5*y + 17 + 8, -3*y = 5*m - 230. What are the prime factors of m?
7
What are the prime factors of (0 - -1)/(13/429)?
3, 11
Let h(s) = -s**3 + 4*s**2 - 4*s - 1. Let i be h(3). Let v = i + 3. What are the prime factors of 26/(v*-1*2)?
13
Suppose -444 - 162 = -3*m. Suppose -5*d + 2*j = -218, -4*j = 5*d - 2*j - m. Suppose 2*b = 4*s - d, s - 5*b = -2 - 1. List the prime factors of s.
2, 3
Let g(x) = -x**2 + 18*x + 19. What are the prime factors of g(14)?
3, 5
Suppose -4*p = -218 - 18. What are the prime factors of p?
59
Let g(f) = f**2 + 4*f. Let t be g(-4). Suppose 3*i = -2*b - b - 15, b + 5*i - 15 = t. What are the prime factors of (-84)/b - 6/15?
2
Suppose -2*m - 2*m = -20. Suppose b - 1 = -m*n, 2*b - n = -3*n + 10. Suppose -r + 7 = 3*d, -b*r + 26 = -3*r + 4*d. What are the prime factors of r?
2, 5
Suppose 4*a + 83 = 4*i - 597, 4*a - 814 = -5*i. List the prime factors of i.
2, 83
Suppose -8 = -5*l + 3*k - 32, -l - 3*k - 12 = 0. What are the prime factors of (-455)/(-15) - l/9?
31
Suppose -3*i + 130 = -23. List the prime factors of i.
3, 17
Suppose -2 = -8*d + 6*d. List the prime factors of (4 + -4 + 49)*d.
7
Let a = -17 - 44. Let f be 2/7 + a/(-7). Suppose -5*g + 4*h + 66 = 0, f*g - 54 = 4*g + h. What are the prime factors of g?
2, 5
Let d be -4*-3*4/6. Suppose 2*i = -10, d*i - 4*i + 32 = -2*v. Let c = 5 - v. List the prime factors of c.
11
Let m be 2/(-8) + (-30)/8. Let o = m + 11. List the prime factors of o.
7
Let m(u) = -7*u - 10. Let v(c) = 4*c + 5. Let r(z) = -3*m(z) - 5*v(z). List the prime factors of r(11).
2
Suppose -3*w - 26 = 4. List the prime factors of -2 + (0 - 0 - w).
2
Suppose -95 = -2*a - 3*a. Let z = 32 - 27. Suppose -5*r + 3*x = -114 + a, r - z*x = 41. What are the prime factors of r?
2
Let i(a) = -a**2 + a. Let s be i(0). Suppose -c + s*c = -22. What are the prime factors of c?
2, 11
Suppose -4*u - 10 = -9*u. Suppose -j + 1 = u*l, -3*l - 7 = -2*l - j. What are the prime factors of (-8)/l - (-2 + 1)?
5
Suppose 6*c = 14 - 116. Let s = c - -48. What are the prime factors of s?
31
Let g = -22 + 33. What are the prime factors of g?
11
List the prime factors of ((-260)/12 - -1)/(4/(-42)).
7, 31
Let g be (-2)/5 - 906/(-15). Suppose 50 = 3*z - l, l - g = -4*z - l. Suppose 20 + z = 3*u. What are the prime factors of u?
2, 3
Let w = -83 + 136. Suppose 4*y + 0*y + 3*n = w, 3*n = -5*y + 70. What are the prime factors of y?
17
Let t(v) = -v**2 - 14*v - 13. What are the prime factors of t(-10)?
3
Let r(z) be the first derivative of z**4/4 - 2*z**3 + 7*z**2/2 - 2*z - 2. Suppose -20 = -j + 5*k, 3*j - j - 16 = 2*k. What are the prime factors of r(j)?
2
Suppose 5*d - 3*h = 390, -4*d + 2*d - h = -145. What are the prime factors of d?
3, 5
Let h(m) = m**3 - 8*m**2 + 8*m + 6. Let v be h(6). Let c = v + 29. List the prime factors of c.
11
Let r = -22 - -66. List the prime factors of r.
2, 11
Let d = 91 - 62. List the prime factors of d.
29
Suppose -4 = 3*b + 5. Let n be b - -1 - (2 + -1). What are the prime factors of n/(1*(-9)/24)?
2
Let h(d) = d**3 + d - 1. Suppose -5*g + 2 = c, -7*c + 10 = -2*c + 3*g. Suppose -c*x - k + 6 = 0, 3*x + x - 2*k = 4. List the prime factors of h(x).
3
Let g = 10 - -11. Suppose 5*b - 6 = -g. Let s = b + 14. What are the prime factors of s?
11
Suppose 0 = 4*w - 2*w + 6. List the prime factors of 46*2/(-12)*w.
23
Let k(n) be the second derivative of n**3/6 + 5*n**2/2 + 2*n. What are the prime factors of k(9)?
2, 7
Let b = 153 - 11. List the prime factors of b.
2, 71
Let c(g) = -g**3 + g - 22. Suppose 5*j = 3*j. Let p be c(j). What are the prime factors of p*3/(6/(-1))?
11
List the prime factors of (-3)/(-6) - (-5)/2.
3
Let y(s) be the second derivative of -1/12*s**4 + 1/6*s**3 + 0 - 2*s + 11/2*s**2 + 1/20*s**5. List the prime factors of